te the remainder when 249870 is divided by 124924.
22
What is the remainder when 60303 is divided by 467?
60
Calculate the remainder when 161474952 is divided by 165.
12
Calculate the remainder when 1183289 is divided by 74.
29
What is the remainder when 5542868 is divided by 32?
20
Calculate the remainder when 51085811 is divided by 3724.
3703
Calculate the remainder when 421771 is divided by 105271.
687
What is the remainder when 166540 is divided by 141?
19
What is the remainder when 516886 is divided by 172292?
10
What is the remainder when 2763309 is divided by 92?
89
What is the remainder when 13864270 is divided by 1928?
22
Calculate the remainder when 37875367 is divided by 3011.
3009
What is the remainder when 13664291 is divided by 1165?
6
Calculate the remainder when 259186 is divided by 414.
22
What is the remainder when 5900156 is divided by 1966670?
146
What is the remainder when 24878474 is divided by 225?
224
What is the remainder when 8590 is divided by 6381?
2209
What is the remainder when 18130 is divided by 8887?
356
What is the remainder when 18004913 is divided by 529556?
9
What is the remainder when 32384 is divided by 949?
118
What is the remainder when 1654497 is divided by 3019?
85
What is the remainder when 1263558 is divided by 66503?
1
Calculate the remainder when 1216987 is divided by 167.
58
Calculate the remainder when 58049 is divided by 13063.
5797
What is the remainder when 138357434 is divided by 5131?
19
Calculate the remainder when 782319 is divided by 549.
543
Calculate the remainder when 25489570 is divided by 202.
200
What is the remainder when 239898 is divided by 29333?
5234
What is the remainder when 3825103 is divided by 116?
3
What is the remainder when 1638112 is divided by 1053?
697
Calculate the remainder when 451508 is divided by 37625.
8
Calculate the remainder when 4527059 is divided by 198.
185
What is the remainder when 1971331 is divided by 3353?
3120
What is the remainder when 7611 is divided by 1326?
981
Calculate the remainder when 7761 is divided by 2213.
1122
Calculate the remainder when 4175039 is divided by 4174514.
525
Calculate the remainder when 85506 is divided by 21223.
614
Calculate the remainder when 6560579 is divided by 27799.
15
What is the remainder when 529538 is divided by 3764?
2578
Calculate the remainder when 100169 is divided by 1162.
237
Calculate the remainder when 7392 is divided by 818.
30
Calculate the remainder when 312623 is divided by 4180.
3303
Calculate the remainder when 166453 is divided by 40273.
5361
What is the remainder when 43337684 is divided by 202?
200
Calculate the remainder when 346330780 is divided by 7.
5
Calculate the remainder when 1766353 is divided by 18.
13
Calculate the remainder when 21338201 is divided by 31.
2
Calculate the remainder when 77274 is divided by 1210.
1044
What is the remainder when 1861879299 is divided by 5879?
5878
What is the remainder when 304208 is divided by 12642?
800
What is the remainder when 1034755 is divided by 313?
290
Calculate the remainder when 26856 is divided by 26817.
39
What is the remainder when 4944938 is divided by 4004?
4002
Calculate the remainder when 11374913 is divided by 71.
3
Calculate the remainder when 153693 is divided by 496.
429
Calculate the remainder when 1082543 is divided by 880.
143
Calculate the remainder when 811272 is divided by 202811.
28
What is the remainder when 1962210 is divided by 327023?
72
What is the remainder when 1526877 is divided by 159?
0
Calculate the remainder when 85672 is divided by 55.
37
Calculate the remainder when 24585127 is divided by 6146273.
35
What is the remainder when 1242258 is divided by 6436?
110
Calculate the remainder when 2223736 is divided by 444743.
21
Calculate the remainder when 181801 is divided by 181747.
54
Calculate the remainder when 4177955 is divided by 417792.
35
What is the remainder when 5260703 is divided by 26043?
17
What is the remainder when 46511374 is divided by 125?
124
What is the remainder when 524685 is divided by 419?
97
Calculate the remainder when 276199468 is divided by 90.
88
Calculate the remainder when 2834759 is divided by 2834557.
202
What is the remainder when 2530493 is divided by 2692?
13
Calculate the remainder when 269820736 is divided by 11.
9
Calculate the remainder when 1033215 is divided by 1217.
1199
Calculate the remainder when 2120715 is divided by 21421.
36
What is the remainder when 241083 is divided by 7525?
283
Calculate the remainder when 244083 is divided by 1203.
1077
Calculate the remainder when 87198026 is divided by 7.
6
What is the remainder when 71209 is divided by 71144?
65
What is the remainder when 2951973 is divided by 421671?
276
Calculate the remainder when 58655 is divided by 537.
122
What is the remainder when 634333 is divided by 9050?
833
What is the remainder when 209160 is divided by 246?
60
Calculate the remainder when 280160 is divided by 613.
19
Calculate the remainder when 1388568 is divided by 694256.
56
What is the remainder when 4496519 is divided by 424?
423
What is the remainder when 22657154 is divided by 81?
77
What is the remainder when 30137130 is divided by 22524?
18
What is the remainder when 44665074 is divided by 1765?
1749
Calculate the remainder when 3287699 is divided by 156.
155
What is the remainder when 1417792 is divided by 12?
4
What is the remainder when 2073147 is divided by 2072734?
413
Calculate the remainder when 54489205 is divided by 6437.
0
Calculate the remainder when 33983 is divided by 2630.
2423
What is the remainder when 132790366 is divided by 1826?
1820
What is the remainder when 532454 is divided by 532208?
246
Calculate the remainder when 531513 is divided by 12079.
37
What is the remainder when 35003388 is divided by 11667777?
57
What is the remainder when 6873846 is divided by 9?
6
What is the remainder when 47837568 is divided by 23918781?
6
Calculate the remainder when 384195904 is divided by 1571.
1570
What is the remainder when 1301502 is divided by 162633?
438
Calculate the remainder when 3696073 is divided by 91.
17
Calculate the remainder when 4671087 is divided by 1557012.
51
What is the remainder when 11952661 is divided by 2916?
2893
Calculate the remainder when 23209781 is divided by 277.
228
Calculate the remainder when 43689188 is divided by 43689171.
17
Calculate the remainder when 602677 is divided by 4399.
14
Calculate the remainder when 46635745 is divided by 66.
13
Calculate the remainder when 1303947 is divided by 1634.
15
Calculate the remainder when 666250 is divided by 665714.
536
What is the remainder when 1209877 is divided by 172831?
60
Calculate the remainder when 1043025 is divided by 115888.
33
What is the remainder when 296900 is divided by 2537?
71
Calculate the remainder when 356930 is divided by 879.
56
Calculate the remainder when 4115711 is divided by 97.
1
Calculate the remainder when 382341 is divided by 95372.
853
What is the remainder when 12392727 is divided by 293?
292
What is the remainder when 1557621 is divided by 129?
75
What is the remainder when 7918877 is divided by 64908?
101
Calculate the remainder when 205946318 is divided by 190.
188
What is the remainder when 4630 is divided by 2012?
606
What is the remainder when 239363019 is divided by 1261?
1260
Calculate the remainder when 69866567 is divided by 24.
23
What is the remainder when 798472074 is divided by 216?
210
Calculate the remainder when 9201538 is divided by 363.
214
Calculate the remainder when 87639 is divided by 605.
519
What is the remainder when 195541 is divided by 667?
110
What is the remainder when 18062815 is divided by 424?
415
What is the remainder when 24760624 is divided by 834?
832
Calculate the remainder when 31490 is divided by 5101.
884
What is the remainder when 19556621 is divided by 406?
7
What is the remainder when 57817 is divided by 6605?
4977
What is the remainder when 17404 is divided by 90?
34
Calculate the remainder when 15038 is divided by 1799.
646
What is the remainder when 423379 is divided by 375?
4
Calculate the remainder when 677970 is divided by 657.
603
What is the remainder when 381474 is divided by 42378?
72
Calculate the remainder when 85609 is divided by 21349.
213
Calculate the 